 513622294?
9
What is the millions digit of 6349699?
6
What is the ten thousands digit of 387843551?
4
What is the hundred millions digit of 648149075?
6
What is the hundreds digit of 6291659248?
2
What is the hundred thousands digit of 164065510?
0
What is the billions digit of 2988597106?
2
What is the ten millions digit of 24071562?
2
What is the hundreds digit of 46952727?
7
What is the thousands digit of 2136824454?
4
What is the tens digit of 60528417?
1
What is the hundreds digit of 13560987?
9
What is the units digit of 81515679?
9
What is the tens digit of 8497617781?
8
What is the tens digit of 2201719198?
9
What is the ten thousands digit of 2494037259?
3
What is the tens digit of 400973451?
5
What is the millions digit of 19034656?
9
What is the millions digit of 14852038?
4
What is the tens digit of 3469676036?
3
What is the ten thousands digit of 148544040?
4
What is the hundred thousands digit of 32520975?
5
What is the ten millions digit of 5289364849?
8
What is the units digit of 1043084151?
1
What is the thousands digit of 494674089?
4
What is the millions digit of 328998388?
8
What is the units digit of 409727899?
9
What is the tens digit of 102447586?
8
What is the ten thousands digit of 77987447?
8
What is the thousands digit of 179328349?
8
What is the ten thousands digit of 4081570783?
7
What is the hundreds digit of 50578528?
5
What is the billions digit of 3040477703?
3
What is the ten thousands digit of 2062111546?
1
What is the hundred thousands digit of 504978635?
9
What is the tens digit of 259343867?
6
What is the ten thousands digit of 1815294466?
9
What is the ten thousands digit of 564446005?
4
What is the hundreds digit of 73454198?
1
What is the tens digit of 15177673?
7
What is the hundred millions digit of 8172795689?
1
What is the hundreds digit of 183831984?
9
What is the thousands digit of 3373048360?
8
What is the hundred millions digit of 598730768?
5
What is the ten thousands digit of 560161052?
6
What is the hundred millions digit of 488510571?
4
What is the ten thousands digit of 43148672?
4
What is the thousands digit of 1170827?
0
What is the hundreds digit of 1322414930?
9
What is the ten millions digit of 795028975?
9
What is the hundreds digit of 66913049?
0
What is the tens digit of 380433460?
6
What is the millions digit of 78294073?
8
What is the hundred thousands digit of 32933809?
9
What is the ten millions digit of 24499375?
2
What is the millions digit of 1213931212?
3
What is the millions digit of 194674109?
4
What is the tens digit of 70737327?
2
What is the billions digit of 1300907677?
1
What is the hundred thousands digit of 159814812?
8
What is the tens digit of 1098640279?
7
What is the units digit of 1682116025?
5
What is the ten millions digit of 148370610?
4
What is the units digit of 134565373?
3
What is the ten thousands digit of 38078813?
7
What is the hundred millions digit of 387311546?
3
What is the ten millions digit of 734000162?
3
What is the hundreds digit of 59156318?
3
What is the thousands digit of 188280569?
0
What is the units digit of 1771056967?
7
What is the units digit of 1448559483?
3
What is the tens digit of 763577906?
0
What is the ten thousands digit of 385961877?
6
What is the millions digit of 163111259?
3
What is the thousands digit of 3285154875?
4
What is the tens digit of 18416530?
3
What is the units digit of 4855645378?
8
What is the ten thousands digit of 12456245?
5
What is the millions digit of 351480976?
1
What is the ten thousands digit of 21921768?
2
What is the units digit of 563085156?
6
What is the millions digit of 705275200?
5
What is the units digit of 1257758086?
6
What is the hundreds digit of 1409381177?
1
What is the hundreds digit of 1619508715?
7
What is the ten millions digit of 612294484?
1
What is the ten millions digit of 89206824?
8
What is the hundreds digit of 58438093?
0
What is the billions digit of 2507888055?
2
What is the units digit of 1809283051?
1
What is the hundred millions digit of 1415203459?
4
What is the ten millions digit of 156201591?
5
What is the millions digit of 66822117?
6
What is the hundred thousands digit of 2194148518?
1
What is the hundreds digit of 127696100?
1
What is the ten thousands digit of 172329719?
2
What is the millions digit of 901685508?
1
What is the ten thousands digit of 143116821?
1
What is the millions digit of 464926248?
4
What is the hundreds digit of 140826622?
6
What is the billions digit of 4912867649?
4
What is the tens digit of 203910259?
5
What is the thousands digit of 32913332?
3
What is the ten millions digit of 605697186?
0
What is the hundred millions digit of 146671063?
1
What is the ten thousands digit of 14945870?
4
What is the ten thousands digit of 179802809?
0
What is the tens digit of 3407162?
6
What is the thousands digit of 31874285?
4
What is the thousands digit of 225029318?
9
What is the units digit of 1052125291?
1
What is the units digit of 4072278432?
2
What is the billions digit of 1596633132?
1
What is the ten millions digit of 42421317?
4
What is the ten millions digit of 612597327?
1
What is the hundred millions digit of 719255392?
7
What is the thousands digit of 51486730?
6
What is the tens digit of 140447463?
6
What is the thousands digit of 29999379?
9
What is the units digit of 431582960?
0
What is the hundred millions digit of 113143074?
1
What is the hundreds digit of 1855992881?
8
What is the ten thousands digit of 32591784?
9
What is the hundreds digit of 227524266?
2
What is the units digit of 32305328?
8
What is the hundred thousands digit of 79503295?
5
What is the tens digit of 62351129?
2
What is the millions digit of 78006647?
8
What is the millions digit of 361966835?
1
What is the hundred thousands digit of 3348495?
3
What is the tens digit of 58820916?
1
What is the hundred thousands digit of 681145468?
1
What is the hundreds digit of 1652919717?
7
What is the ten millions digit of 22022052?
2
What is the units digit of 236608891?
1
What is the hundreds digit of 4216430406?
4
What is the units digit of 48451996?
6
What is the millions digit of 71593086?
1
What is the thousands digit of 251726435?
6
What is the hundred millions digit of 949505625?
9
What is the hundreds digit of 35423819?
8
What is the ten thousands digit of 302081769?
8
What is the thousands digit of 1914310?
4
What is the units digit of 45142531?
1
What is the hundreds digit of 385075147?
1
What is the ten thousands digit of 2548326082?
2
What is the tens digit of 527959083?
8
What is the thousands digit of 42146262?
6
What is the thousands digit of 11875454?
5
What is the ten millions digit of 74561700?
7
What is the ten thousands digit of 9662648?
6
What is the hundred thousands digit of 1702408696?
4
What is the ten millions digit of 1864977574?
6
What is the ten millions digit of 23391898?
2
What is the units digit of 11426891?
1
What is the thousands digit of 3458959464?
9
What is the ten thousands digit of 951964228?
6
What is the tens digit of 86440887?
8
What is the tens digit of 994960363?
6
What is the millions digit of 150267269?
0
What is the hundred millions digit of 1016070578?
0
What is the tens digit of 13639265?
6
What is the units digit of 51090077?
7
What is the ten millions digit of 919616695?
1
What is the hundred thousands digit of 480431120?
4
What is the hundreds digit of 63667921?
9
What is the hundreds digit of 64588297?
2
What is the ten millions digit of 244418549?
4
What is the millions digit of 61136617?
1
What is the hundreds digit of 1658791635?
6
What is the ten thousands digit of 78277074?
7
What is the ten thousands digit of 165156451?
5
What is the units digit of 2082604857?
7
What is the hundred thousands digit of 567095056?
0
What is the units digit of 999039563?
3
What is the millions digit of 633036809?
3
What is the units digit of 683390623?
3
What is the units digit of 3345676003?
3
What is the ten millions digit of 4176914801?
7
What is the hundred thousands digit of 108279826?
2
What is the millions digit of 83067148?
3
What is the thousands digit of 14232720?
2
What is the hundreds digit of 380680793?
7
What is the ten millions digit of 58054012?
5
What is the ten thousands digit of 12544614?
4
What is the ten mil